{"id":12606,"date":"2020-02-03T02:48:49","date_gmt":"2020-02-03T02:48:49","guid":{"rendered":"http:\/\/twinlakescamping.ca\/?page_id=12606"},"modified":"2025-07-30T19:41:19","modified_gmt":"2025-07-30T19:41:19","slug":"location-de-chalet-columbia-1","status":"publish","type":"page","link":"http:\/\/twinlakescamping.ca\/?page_id=12606&lang=fr","title":{"rendered":"Cabine Deluxe"},"content":{"rendered":"<div class=\"fusion-fullwidth fullwidth-box fusion-builder-row-1 fusion-flex-container nonhundred-percent-fullwidth non-hundred-percent-height-scrolling\" style=\"--awb-border-radius-top-left:0px;--awb-border-radius-top-right:0px;--awb-border-radius-bottom-right:0px;--awb-border-radius-bottom-left:0px;--awb-flex-wrap:wrap;\" ><div class=\"fusion-builder-row fusion-row fusion-flex-align-items-flex-start fusion-flex-content-wrap\" style=\"max-width:1216.8px;margin-left: calc(-4% \/ 2 );margin-right: calc(-4% \/ 2 );\"><div class=\"fusion-layout-column fusion_builder_column fusion-builder-column-0 fusion_builder_column_1_1 1_1 fusion-flex-column\" style=\"--awb-bg-size:cover;--awb-width-large:100%;--awb-margin-top-large:0px;--awb-spacing-right-large:1.92%;--awb-margin-bottom-large:0px;--awb-spacing-left-large:1.92%;--awb-width-medium:100%;--awb-spacing-right-medium:1.92%;--awb-spacing-left-medium:1.92%;--awb-width-small:100%;--awb-spacing-right-small:1.92%;--awb-spacing-left-small:1.92%;\"><div class=\"fusion-column-wrapper fusion-flex-justify-content-flex-start fusion-content-layout-column\"><div class=\"fusion-text fusion-text-1\"><h1>Location de Chalet &#8211; Columbia # 1<\/h1>\n\n\t\t<style type=\"text\/css\">\n\t\t\t#gallery-1 {\n\t\t\t\tmargin: auto;\n\t\t\t}\n\t\t\t#gallery-1 .gallery-item {\n\t\t\t\tfloat: left;\n\t\t\t\tmargin-top: 10px;\n\t\t\t\ttext-align: center;\n\t\t\t\twidth: 25%;\n\t\t\t}\n\t\t\t#gallery-1 img {\n\t\t\t\tborder: 2px solid #cfcfcf;\n\t\t\t}\n\t\t\t#gallery-1 .gallery-caption {\n\t\t\t\tmargin-left: 0;\n\t\t\t}\n\t\t\t\/* see gallery_shortcode() in wp-includes\/media.php *\/\n\t\t<\/style>\n\t\t<div id='gallery-1' class='gallery galleryid-12606 gallery-columns-4 gallery-size-medium'><dl class='gallery-item'>\n\t\t\t<dt class='gallery-icon landscape'>\n\t\t\t\t<a data-rel=\"iLightbox[postimages]\" data-title=\"IMG_1994\" data-caption=\"\" href='http:\/\/twinlakescamping.ca\/wp-content\/uploads\/2020\/02\/IMG_1994-1.jpg'><img width=\"300\" height=\"225\" src=\"http:\/\/twinlakescamping.ca\/wp-content\/uploads\/2020\/02\/IMG_1994-1-300x225.jpg\" class=\"attachment-medium size-medium\" alt=\"\" decoding=\"async\" srcset=\"http:\/\/twinlakescamping.ca\/wp-content\/uploads\/2020\/02\/IMG_1994-1-200x150.jpg 200w, http:\/\/twinlakescamping.ca\/wp-content\/uploads\/2020\/02\/IMG_1994-1-300x225.jpg 300w, http:\/\/twinlakescamping.ca\/wp-content\/uploads\/2020\/02\/IMG_1994-1-400x300.jpg 400w, http:\/\/twinlakescamping.ca\/wp-content\/uploads\/2020\/02\/IMG_1994-1-600x450.jpg 600w, http:\/\/twinlakescamping.ca\/wp-content\/uploads\/2020\/02\/IMG_1994-1.jpg 640w\" sizes=\"(max-width: 300px) 100vw, 300px\" \/><\/a>\n\t\t\t<\/dt><\/dl><dl class='gallery-item'>\n\t\t\t<dt class='gallery-icon landscape'>\n\t\t\t\t<a data-rel=\"iLightbox[postimages]\" data-title=\"IMG_1995\" data-caption=\"\" href='http:\/\/twinlakescamping.ca\/wp-content\/uploads\/2020\/02\/IMG_1995-1.jpg'><img width=\"300\" height=\"225\" src=\"http:\/\/twinlakescamping.ca\/wp-content\/uploads\/2020\/02\/IMG_1995-1-300x225.jpg\" class=\"attachment-medium size-medium\" alt=\"\" decoding=\"async\" srcset=\"http:\/\/twinlakescamping.ca\/wp-content\/uploads\/2020\/02\/IMG_1995-1-200x150.jpg 200w, http:\/\/twinlakescamping.ca\/wp-content\/uploads\/2020\/02\/IMG_1995-1-300x225.jpg 300w, http:\/\/twinlakescamping.ca\/wp-content\/uploads\/2020\/02\/IMG_1995-1-400x300.jpg 400w, http:\/\/twinlakescamping.ca\/wp-content\/uploads\/2020\/02\/IMG_1995-1-600x450.jpg 600w, http:\/\/twinlakescamping.ca\/wp-content\/uploads\/2020\/02\/IMG_1995-1.jpg 640w\" sizes=\"(max-width: 300px) 100vw, 300px\" \/><\/a>\n\t\t\t<\/dt><\/dl><dl class='gallery-item'>\n\t\t\t<dt class='gallery-icon landscape'>\n\t\t\t\t<a data-rel=\"iLightbox[postimages]\" data-title=\"IMG_1997\" data-caption=\"\" href='http:\/\/twinlakescamping.ca\/wp-content\/uploads\/2020\/02\/IMG_1997-1.jpg'><img width=\"300\" height=\"225\" src=\"http:\/\/twinlakescamping.ca\/wp-content\/uploads\/2020\/02\/IMG_1997-1-300x225.jpg\" class=\"attachment-medium size-medium\" alt=\"\" decoding=\"async\" srcset=\"http:\/\/twinlakescamping.ca\/wp-content\/uploads\/2020\/02\/IMG_1997-1-200x150.jpg 200w, http:\/\/twinlakescamping.ca\/wp-content\/uploads\/2020\/02\/IMG_1997-1-300x225.jpg 300w, http:\/\/twinlakescamping.ca\/wp-content\/uploads\/2020\/02\/IMG_1997-1-400x300.jpg 400w, http:\/\/twinlakescamping.ca\/wp-content\/uploads\/2020\/02\/IMG_1997-1-600x450.jpg 600w, http:\/\/twinlakescamping.ca\/wp-content\/uploads\/2020\/02\/IMG_1997-1.jpg 640w\" sizes=\"(max-width: 300px) 100vw, 300px\" \/><\/a>\n\t\t\t<\/dt><\/dl><dl class='gallery-item'>\n\t\t\t<dt class='gallery-icon landscape'>\n\t\t\t\t<a data-rel=\"iLightbox[postimages]\" data-title=\"IMG_1998\" data-caption=\"\" href='http:\/\/twinlakescamping.ca\/wp-content\/uploads\/2020\/02\/IMG_1998-1.jpg'><img width=\"300\" height=\"225\" src=\"http:\/\/twinlakescamping.ca\/wp-content\/uploads\/2020\/02\/IMG_1998-1-300x225.jpg\" class=\"attachment-medium size-medium\" alt=\"\" decoding=\"async\" srcset=\"http:\/\/twinlakescamping.ca\/wp-content\/uploads\/2020\/02\/IMG_1998-1-200x150.jpg 200w, http:\/\/twinlakescamping.ca\/wp-content\/uploads\/2020\/02\/IMG_1998-1-300x225.jpg 300w, http:\/\/twinlakescamping.ca\/wp-content\/uploads\/2020\/02\/IMG_1998-1-400x300.jpg 400w, http:\/\/twinlakescamping.ca\/wp-content\/uploads\/2020\/02\/IMG_1998-1-600x450.jpg 600w, http:\/\/twinlakescamping.ca\/wp-content\/uploads\/2020\/02\/IMG_1998-1.jpg 640w\" sizes=\"(max-width: 300px) 100vw, 300px\" \/><\/a>\n\t\t\t<\/dt><\/dl><br style=\"clear: both\" \/><dl class='gallery-item'>\n\t\t\t<dt class='gallery-icon landscape'>\n\t\t\t\t<a data-rel=\"iLightbox[postimages]\" data-title=\"IMG_1999\" data-caption=\"\" href='http:\/\/twinlakescamping.ca\/wp-content\/uploads\/2020\/02\/IMG_1999-1.jpg'><img width=\"300\" height=\"225\" src=\"http:\/\/twinlakescamping.ca\/wp-content\/uploads\/2020\/02\/IMG_1999-1-300x225.jpg\" class=\"attachment-medium size-medium\" alt=\"\" decoding=\"async\" srcset=\"http:\/\/twinlakescamping.ca\/wp-content\/uploads\/2020\/02\/IMG_1999-1-200x150.jpg 200w, http:\/\/twinlakescamping.ca\/wp-content\/uploads\/2020\/02\/IMG_1999-1-300x225.jpg 300w, http:\/\/twinlakescamping.ca\/wp-content\/uploads\/2020\/02\/IMG_1999-1-400x300.jpg 400w, http:\/\/twinlakescamping.ca\/wp-content\/uploads\/2020\/02\/IMG_1999-1-600x450.jpg 600w, http:\/\/twinlakescamping.ca\/wp-content\/uploads\/2020\/02\/IMG_1999-1.jpg 640w\" sizes=\"(max-width: 300px) 100vw, 300px\" \/><\/a>\n\t\t\t<\/dt><\/dl><dl class='gallery-item'>\n\t\t\t<dt class='gallery-icon portrait'>\n\t\t\t\t<a data-rel=\"iLightbox[postimages]\" data-title=\"IMG_2001\" data-caption=\"\" href='http:\/\/twinlakescamping.ca\/wp-content\/uploads\/2020\/02\/IMG_2001-1-e1640967224465.jpg'><img width=\"225\" height=\"300\" src=\"http:\/\/twinlakescamping.ca\/wp-content\/uploads\/2020\/02\/IMG_2001-1-e1640967224465-225x300.jpg\" class=\"attachment-medium size-medium\" alt=\"\" decoding=\"async\" srcset=\"http:\/\/twinlakescamping.ca\/wp-content\/uploads\/2020\/02\/IMG_2001-1-e1640967224465-200x267.jpg 200w, http:\/\/twinlakescamping.ca\/wp-content\/uploads\/2020\/02\/IMG_2001-1-e1640967224465-225x300.jpg 225w, http:\/\/twinlakescamping.ca\/wp-content\/uploads\/2020\/02\/IMG_2001-1-e1640967224465-400x533.jpg 400w, http:\/\/twinlakescamping.ca\/wp-content\/uploads\/2020\/02\/IMG_2001-1-e1640967224465.jpg 480w\" sizes=\"(max-width: 225px) 100vw, 225px\" \/><\/a>\n\t\t\t<\/dt><\/dl><dl class='gallery-item'>\n\t\t\t<dt class='gallery-icon portrait'>\n\t\t\t\t<a data-rel=\"iLightbox[postimages]\" data-title=\"IMG_2002\" data-caption=\"\" href='http:\/\/twinlakescamping.ca\/wp-content\/uploads\/2020\/02\/IMG_2002-1-e1640967240399.jpg'><img width=\"225\" height=\"300\" src=\"http:\/\/twinlakescamping.ca\/wp-content\/uploads\/2020\/02\/IMG_2002-1-e1640967240399-225x300.jpg\" class=\"attachment-medium size-medium\" alt=\"\" decoding=\"async\" srcset=\"http:\/\/twinlakescamping.ca\/wp-content\/uploads\/2020\/02\/IMG_2002-1-e1640967240399-200x267.jpg 200w, http:\/\/twinlakescamping.ca\/wp-content\/uploads\/2020\/02\/IMG_2002-1-e1640967240399-225x300.jpg 225w, http:\/\/twinlakescamping.ca\/wp-content\/uploads\/2020\/02\/IMG_2002-1-e1640967240399-400x533.jpg 400w, http:\/\/twinlakescamping.ca\/wp-content\/uploads\/2020\/02\/IMG_2002-1-e1640967240399.jpg 480w\" sizes=\"(max-width: 225px) 100vw, 225px\" \/><\/a>\n\t\t\t<\/dt><\/dl><dl class='gallery-item'>\n\t\t\t<dt class='gallery-icon landscape'>\n\t\t\t\t<a data-rel=\"iLightbox[postimages]\" data-title=\"IMG_2003\" data-caption=\"\" href='http:\/\/twinlakescamping.ca\/wp-content\/uploads\/2020\/02\/IMG_2003-1.jpg'><img width=\"300\" height=\"225\" src=\"http:\/\/twinlakescamping.ca\/wp-content\/uploads\/2020\/02\/IMG_2003-1-300x225.jpg\" class=\"attachment-medium size-medium\" alt=\"\" decoding=\"async\" srcset=\"http:\/\/twinlakescamping.ca\/wp-content\/uploads\/2020\/02\/IMG_2003-1-200x150.jpg 200w, http:\/\/twinlakescamping.ca\/wp-content\/uploads\/2020\/02\/IMG_2003-1-300x225.jpg 300w, http:\/\/twinlakescamping.ca\/wp-content\/uploads\/2020\/02\/IMG_2003-1-400x300.jpg 400w, http:\/\/twinlakescamping.ca\/wp-content\/uploads\/2020\/02\/IMG_2003-1-600x450.jpg 600w, http:\/\/twinlakescamping.ca\/wp-content\/uploads\/2020\/02\/IMG_2003-1.jpg 640w\" sizes=\"(max-width: 300px) 100vw, 300px\" \/><\/a>\n\t\t\t<\/dt><\/dl><br style=\"clear: both\" \/><dl class='gallery-item'>\n\t\t\t<dt class='gallery-icon landscape'>\n\t\t\t\t<a data-rel=\"iLightbox[postimages]\" data-title=\"IMG_2004\" data-caption=\"\" href='http:\/\/twinlakescamping.ca\/wp-content\/uploads\/2020\/02\/IMG_2004-1.jpg'><img width=\"300\" height=\"225\" src=\"http:\/\/twinlakescamping.ca\/wp-content\/uploads\/2020\/02\/IMG_2004-1-300x225.jpg\" class=\"attachment-medium size-medium\" alt=\"\" decoding=\"async\" srcset=\"http:\/\/twinlakescamping.ca\/wp-content\/uploads\/2020\/02\/IMG_2004-1-200x150.jpg 200w, http:\/\/twinlakescamping.ca\/wp-content\/uploads\/2020\/02\/IMG_2004-1-300x225.jpg 300w, http:\/\/twinlakescamping.ca\/wp-content\/uploads\/2020\/02\/IMG_2004-1-400x300.jpg 400w, http:\/\/twinlakescamping.ca\/wp-content\/uploads\/2020\/02\/IMG_2004-1-600x450.jpg 600w, http:\/\/twinlakescamping.ca\/wp-content\/uploads\/2020\/02\/IMG_2004-1.jpg 640w\" sizes=\"(max-width: 300px) 100vw, 300px\" \/><\/a>\n\t\t\t<\/dt><\/dl><dl class='gallery-item'>\n\t\t\t<dt class='gallery-icon portrait'>\n\t\t\t\t<a data-rel=\"iLightbox[postimages]\" data-title=\"IMG_2005\" data-caption=\"\" href='http:\/\/twinlakescamping.ca\/wp-content\/uploads\/2020\/02\/IMG_2005-1-e1640967369793.jpg'><img width=\"225\" height=\"300\" src=\"http:\/\/twinlakescamping.ca\/wp-content\/uploads\/2020\/02\/IMG_2005-1-e1640967369793-225x300.jpg\" class=\"attachment-medium size-medium\" alt=\"\" decoding=\"async\" srcset=\"http:\/\/twinlakescamping.ca\/wp-content\/uploads\/2020\/02\/IMG_2005-1-e1640967369793-200x267.jpg 200w, http:\/\/twinlakescamping.ca\/wp-content\/uploads\/2020\/02\/IMG_2005-1-e1640967369793-225x300.jpg 225w, http:\/\/twinlakescamping.ca\/wp-content\/uploads\/2020\/02\/IMG_2005-1-e1640967369793-400x533.jpg 400w, http:\/\/twinlakescamping.ca\/wp-content\/uploads\/2020\/02\/IMG_2005-1-e1640967369793.jpg 480w\" sizes=\"(max-width: 225px) 100vw, 225px\" \/><\/a>\n\t\t\t<\/dt><\/dl><dl class='gallery-item'>\n\t\t\t<dt class='gallery-icon portrait'>\n\t\t\t\t<a data-rel=\"iLightbox[postimages]\" data-title=\"IMG_2006\" data-caption=\"\" href='http:\/\/twinlakescamping.ca\/wp-content\/uploads\/2020\/02\/IMG_2006-1-e1640967265247.jpg'><img width=\"225\" height=\"300\" src=\"http:\/\/twinlakescamping.ca\/wp-content\/uploads\/2020\/02\/IMG_2006-1-e1640967265247-225x300.jpg\" class=\"attachment-medium size-medium\" alt=\"\" decoding=\"async\" srcset=\"http:\/\/twinlakescamping.ca\/wp-content\/uploads\/2020\/02\/IMG_2006-1-e1640967265247-200x267.jpg 200w, http:\/\/twinlakescamping.ca\/wp-content\/uploads\/2020\/02\/IMG_2006-1-e1640967265247-225x300.jpg 225w, http:\/\/twinlakescamping.ca\/wp-content\/uploads\/2020\/02\/IMG_2006-1-e1640967265247-400x533.jpg 400w, http:\/\/twinlakescamping.ca\/wp-content\/uploads\/2020\/02\/IMG_2006-1-e1640967265247.jpg 480w\" sizes=\"(max-width: 225px) 100vw, 225px\" \/><\/a>\n\t\t\t<\/dt><\/dl><dl class='gallery-item'>\n\t\t\t<dt class='gallery-icon landscape'>\n\t\t\t\t<a data-rel=\"iLightbox[postimages]\" data-title=\"IMG_2007\" data-caption=\"\" href='http:\/\/twinlakescamping.ca\/wp-content\/uploads\/2020\/02\/IMG_2007-1.jpg'><img width=\"300\" height=\"225\" src=\"http:\/\/twinlakescamping.ca\/wp-content\/uploads\/2020\/02\/IMG_2007-1-300x225.jpg\" class=\"attachment-medium size-medium\" alt=\"\" decoding=\"async\" srcset=\"http:\/\/twinlakescamping.ca\/wp-content\/uploads\/2020\/02\/IMG_2007-1-200x150.jpg 200w, http:\/\/twinlakescamping.ca\/wp-content\/uploads\/2020\/02\/IMG_2007-1-300x225.jpg 300w, http:\/\/twinlakescamping.ca\/wp-content\/uploads\/2020\/02\/IMG_2007-1-400x300.jpg 400w, http:\/\/twinlakescamping.ca\/wp-content\/uploads\/2020\/02\/IMG_2007-1-600x450.jpg 600w, http:\/\/twinlakescamping.ca\/wp-content\/uploads\/2020\/02\/IMG_2007-1.jpg 640w\" sizes=\"(max-width: 300px) 100vw, 300px\" \/><\/a>\n\t\t\t<\/dt><\/dl><br style=\"clear: both\" \/><dl class='gallery-item'>\n\t\t\t<dt class='gallery-icon portrait'>\n\t\t\t\t<a data-rel=\"iLightbox[postimages]\" data-title=\"IMG_2008\" data-caption=\"\" href='http:\/\/twinlakescamping.ca\/wp-content\/uploads\/2020\/02\/IMG_2008-1-e1640967284257.jpg'><img width=\"225\" height=\"300\" src=\"http:\/\/twinlakescamping.ca\/wp-content\/uploads\/2020\/02\/IMG_2008-1-e1640967284257-225x300.jpg\" class=\"attachment-medium size-medium\" alt=\"\" decoding=\"async\" srcset=\"http:\/\/twinlakescamping.ca\/wp-content\/uploads\/2020\/02\/IMG_2008-1-e1640967284257-200x267.jpg 200w, http:\/\/twinlakescamping.ca\/wp-content\/uploads\/2020\/02\/IMG_2008-1-e1640967284257-225x300.jpg 225w, http:\/\/twinlakescamping.ca\/wp-content\/uploads\/2020\/02\/IMG_2008-1-e1640967284257-400x533.jpg 400w, http:\/\/twinlakescamping.ca\/wp-content\/uploads\/2020\/02\/IMG_2008-1-e1640967284257.jpg 480w\" sizes=\"(max-width: 225px) 100vw, 225px\" \/><\/a>\n\t\t\t<\/dt><\/dl>\n\t\t\t<br style='clear: both' \/>\n\t\t<\/div>\n\n<h1><\/h1>\n<h2><strong>Cabine Deluxe Columbia salle de bain compl\u00e8te avec douche<br \/>\n<\/strong><\/h2>\n<ul>\n<li><strong>Arriver: 14h\u00a0\u00a0\u00a0\u00a0\u00a0\u00a0\u00a0\u00a0 <\/strong><\/li>\n<li><strong>D\u00e9part: 11h<\/strong><\/li>\n<\/ul>\n<p>Cette cabine en bois de luxe est situ\u00e9e sur un terrain tr\u00e8s priv\u00e9 entour\u00e9 de plusieurs arbres matures et de trottoir en brique. Vous y trouverais une grande espace de stationnement. Vous n&#8217;\u00eates qu&#8217;\u00e0 quelques pas des plages et des glissades. Cette cabine comprend une chambre priv\u00e9e avec un lit, grand format, un canap\u00e9-lit complet et un lit superpos\u00e9 simple. Dormir un total de 6 personnes. La cuisine compl\u00e8te comprend un r\u00e9frig\u00e9rateur, un micro-onde, 2 br\u00fbleurs \u00e9lectriques, une cafeti\u00e8re, un grille-pain, de la vaisselle, des ustensiles, ainsi qu\u2019un barbecue au propane, feux de camp, et table de picnic, tout le n\u00e9cessaire de base pour le confort et le repos.<\/p>\n<p><strong>Description: Peut accueillir jusqu&#8217;\u00e0 6 personnes <\/strong><\/p>\n<ul>\n<li>1 lit\/Grand<\/li>\n<li>Salle de bain compl\u00e8te\/ douche<\/li>\n<li>Pas de fumage ni vapotage<\/li>\n<li>1 canap\u00e9-lit\/Double<\/li>\n<li>Climatisation et chauffage<\/li>\n<li>Pas d&#8217;animaux<\/li>\n<li>Lit superpos\u00e9\/Simple<\/li>\n<li>Ventilateur de plafond<\/li>\n<li>Foyer pour feu de camp<\/li>\n<li>Apportez vos couvertures<\/li>\n<li>Table de pique-nique<\/li>\n<li>Barbecue au propane<\/li>\n<\/ul>\n<p>La cabine doit \u00eatre lou\u00e9e pour un minimum de 2 nuits, 3 nuits pour les longues fins de semaine<\/p>\n<p>Tout dommage dans la cabine ou ses environs sera factur\u00e9 un minimum de 100$<\/p>\n<p><a href=\"http:\/\/twinlakescamping.ca\/?page_id=12534&amp;lang=fr\"><strong>Politiques de d\u00e9p\u00f4t d&#8217;annulation<\/strong><\/a><\/p>\n<p><img decoding=\"async\" class=\"alignnone wp-image-12614\" src=\"http:\/\/twinlakescamping.ca\/wp-content\/uploads\/2020\/02\/General-Coach-floorplan-of-Columbia-.png\" alt=\"\" width=\"700\" height=\"482\" srcset=\"http:\/\/twinlakescamping.ca\/wp-content\/uploads\/2020\/02\/General-Coach-floorplan-of-Columbia--200x138.png 200w, http:\/\/twinlakescamping.ca\/wp-content\/uploads\/2020\/02\/General-Coach-floorplan-of-Columbia--300x206.png 300w, http:\/\/twinlakescamping.ca\/wp-content\/uploads\/2020\/02\/General-Coach-floorplan-of-Columbia--400x275.png 400w, http:\/\/twinlakescamping.ca\/wp-content\/uploads\/2020\/02\/General-Coach-floorplan-of-Columbia--600x413.png 600w, http:\/\/twinlakescamping.ca\/wp-content\/uploads\/2020\/02\/General-Coach-floorplan-of-Columbia--768x528.png 768w, http:\/\/twinlakescamping.ca\/wp-content\/uploads\/2020\/02\/General-Coach-floorplan-of-Columbia--800x550.png 800w, http:\/\/twinlakescamping.ca\/wp-content\/uploads\/2020\/02\/General-Coach-floorplan-of-Columbia--1024x704.png 1024w, http:\/\/twinlakescamping.ca\/wp-content\/uploads\/2020\/02\/General-Coach-floorplan-of-Columbia--1200x825.png 1200w, http:\/\/twinlakescamping.ca\/wp-content\/uploads\/2020\/02\/General-Coach-floorplan-of-Columbia-.png 1578w\" sizes=\"(max-width: 700px) 100vw, 700px\" \/><\/p>\n<\/div><\/div><\/div><\/div><\/div>\n","protected":false},"excerpt":{"rendered":"","protected":false},"author":1,"featured_media":0,"parent":0,"menu_order":0,"comment_status":"closed","ping_status":"closed","template":"","meta":{"_exactmetrics_skip_tracking":false,"_exactmetrics_sitenote_active":false,"_exactmetrics_sitenote_note":"","_exactmetrics_sitenote_category":0},"_links":{"self":[{"href":"http:\/\/twinlakescamping.ca\/index.php?rest_route=\/wp\/v2\/pages\/12606"}],"collection":[{"href":"http:\/\/twinlakescamping.ca\/index.php?rest_route=\/wp\/v2\/pages"}],"about":[{"href":"http:\/\/twinlakescamping.ca\/index.php?rest_route=\/wp\/v2\/types\/page"}],"author":[{"embeddable":true,"href":"http:\/\/twinlakescamping.ca\/index.php?rest_route=\/wp\/v2\/users\/1"}],"replies":[{"embeddable":true,"href":"http:\/\/twinlakescamping.ca\/index.php?rest_route=%2Fwp%2Fv2%2Fcomments&post=12606"}],"version-history":[{"count":16,"href":"http:\/\/twinlakescamping.ca\/index.php?rest_route=\/wp\/v2\/pages\/12606\/revisions"}],"predecessor-version":[{"id":13005,"href":"http:\/\/twinlakescamping.ca\/index.php?rest_route=\/wp\/v2\/pages\/12606\/revisions\/13005"}],"wp:attachment":[{"href":"http:\/\/twinlakescamping.ca\/index.php?rest_route=%2Fwp%2Fv2%2Fmedia&parent=12606"}],"curies":[{"name":"wp","href":"https:\/\/api.w.org\/{rel}","templated":true}]}}